*t + 21. Calculate v(2).
-33
Let s(v) = 12*v + 37. What is s(-3)?
1
Let v(p) = -5*p - 2. What is v(-1)?
3
Let q(h) = -h**3 - 2*h**2 + 13*h - 8. Calculate q(-6).
58
Let y(w) = -w**3 + 4*w**2 - 2*w - 3. Calculate y(4).
-11
Let n(b) = b + 4. What is n(-4)?
0
Let q(m) = m**3 + 4*m**2 - 5*m - 5. What is q(-5)?
-5
Let p(l) = 2*l**3 + 2*l**2 + 1. What is p(-2)?
-7
Let y(d) = -d**3 + 7*d**2 - 12*d + 13. Give y(6).
-23
Let p(n) = -n - 13. What is p(-6)?
-7
Let l(y) = y**2 + 26*y + 43. What is l(-25)?
18
Let m(a) = -a**3 - 6*a**2 + 6*a + 8. Determine m(-6).
-28
Let n(v) = -v**3 - 32*v**2 - 31*v + 18. Give n(-31).
18
Let z(x) = x + 4. Determine z(-6).
-2
Let l(y) = -5*y**3 - y**2 - 3*y - 1. Determine l(-1).
6
Let t(i) = i**2 + 2*i - 6. Give t(5).
29
Let l(y) = -2*y**2 + 2*y + 36. What is l(-5)?
-24
Let s(r) = r**2 - 5*r - 10. Give s(8).
14
Let r(p) = -2*p**2 - 8*p - 7. Determine r(-4).
-7
Let w(j) = 26*j + 61. Determine w(-5).
-69
Let s(l) = -l**3 + l**2 - 25. What is s(0)?
-25
Let x(n) = -n**3 + 3*n**2 + 3*n - 5. What is x(4)?
-9
Let r(p) = p**3 - p**2 - 13*p + 1. Determine r(4).
-3
Let g(r) = -6*r**2 - 107*r + 16. Calculate g(-18).
-2
Let h(b) = -2*b + 5. Determine h(-8).
21
Let o(i) = 3*i - 22. Give o(9).
5
Let f(a) = a**2 + 3*a + 24. Calculate f(0).
24
Let b(f) = f**2 + 6*f - 10. Calculate b(3).
17
Let d(s) = -s**3 - 15*s**2 - 11*s + 34. Calculate d(-14).
-8
Let r(u) = 26*u - 47. What is r(1)?
-21
Let t(x) = -x**3 - 26*x**2 - 4*x - 98. Calculate t(-26).
6
Let s(u) = u**2 - 2*u - 11. Calculate s(5).
4
Let l(f) = -105*f - 95. Determine l(-1).
10
Let i(o) = o**3 - 6*o**2 + 2*o - 3. What is i(5)?
-18
Let z(h) = 13*h - 172. Calculate z(12).
-16
Let q(s) = s**2 + 12*s - 6. Calculate q(-10).
-26
Let q(n) = -8*n + 5. Give q(4).
-27
Let b(p) = -2*p**3 - 6*p**2 + 8*p + 5. Give b(-5).
65
Let t(a) = -7*a - 137. Determine t(-21).
10
Let w(n) = -n**2 - 35*n + 81. What is w(-37)?
7
Let o(y) = y + 4. Calculate o(2).
6
Let r(w) = w**3 - 8*w**2 - 6*w - 16. Give r(7).
-107
Let p(r) = r**3 - 9*r**2 + 9*r - 25. Give p(8).
-17
Let q(n) = n**2 - 2*n + 7. Give q(0).
7
Let b(t) = t**2 + 10*t - 63. What is b(-14)?
-7
Let b(v) = -3*v**2 + 3*v + 2. Give b(2).
-4
Let z(g) = -g**3 - 9*g**2 - 10*g - 5. Give z(-8).
11
Let g(a) = a**3 - 12*a**2 - 13*a - 6. Determine g(13).
-6
Let f(w) = -4*w + 9. Give f(10).
-31
Let l(f) = f**3 - 6*f**2 - 12*f + 11. Give l(6).
-61
Let x(h) = -h**2 + 2. Determine x(4).
-14
Let o(q) = -2*q - 7. Calculate o(-4).
1
Let r(a) = 4*a**2 - a - 4. Calculate r(2).
10
Let v(k) = -k**2 + 11*k - 6. Determine v(12).
-18
Let k(l) = -l + 2. Calculate k(-3).
5
Let q(u) = u**3 + 15*u**2 - 10*u + 17. Determine q(-16).
-79
Let l(g) = g**3 - 3*g**2 - 19*g - 16. Give l(6).
-22
Let y(a) = a**2 + 10*a - 10. Give y(-10).
-10
Let p(v) = -14*v**2 + 2*v - 2. Determine p(1).
-14
Let d(x) = x**3 + 13*x**2 - 29*x + 4. Give d(-15).
-11
Let i(h) = -13*h - 34. What is i(-9)?
83
Let l(d) = -d**2 + 3*d - 6. What is l(4)?
-10
Let b(i) = i**3 - 8*i**2 + 11*i - 30. Calculate b(7).
-2
Let q(a) = -5*a + 6. Determine q(-3).
21
Let u(v) = v - 5. Calculate u(-1).
-6
Let t(s) = 2*s**3 + 6*s**2 + 5*s + 4. Give t(-3).
-11
Let z(h) = -2*h**3 - 29*h**2 + 18*h + 36. Give z(-15).
-9
Let u(c) = -7*c + 27. Determine u(4).
-1
Let c(m) = m**3 - 5*m**2 - m - 12. Calculate c(5).
-17
Let x(j) = j**2 + 8*j - 18. What is x(-14)?
66
Let g(c) = c**2 - 8*c - 12. Calculate g(10).
8
Let m(w) = w**2 - 7*w - 4. Give m(10).
26
Let d(y) = y**3 + 54*y**2 + 51*y - 110. Determine d(-53).
-4
Let m(z) = z - 12. Calculate m(5).
-7
Let s(t) = 15*t - 325. What is s(22)?
5
Let u(n) = n**3 + 18*n**2 - 2*n - 15. Calculate u(-18).
21
Let r(l) = -55*l + 216. Give r(4).
-4
Let w(k) = k**2 + 5*k. Give w(-7).
14
Let o(t) = t**3 - 2*t**2 - 7*t - 2. What is o(4)?
2
Let y(x) = -x**3 - 6*x**2 + 11*x - 5. Give y(-8).
35
Let m(u) = u**3 + 9*u**2 + 5*u + 5. Calculate m(-9).
-40
Let r(d) = -d + 14. Calculate r(-6).
20
Let r(x) = -x + 1. Determine r(-2).
3
Let m(y) = y**2 - 18*y + 23. Determine m(17).
6
Let k(x) = -x**3 - 5*x**2 + 9*x + 5. What is k(-6)?
-13
Let z(d) = d**3 + 10*d**2 - 8*d + 23. Give z(-11).
-10
Let s(b) = -5*b - 51. Give s(-11).
4
Let m(j) = -22*j**2 - j + 1. What is m(1)?
-22
Let z(d) = -d**3 + 9*d**2 + 24*d - 1. Give z(-3).
35
Let j(s) = 38*s - 13. Give j(2).
63
Let h(u) = -7*u - 12. Give h(-8).
44
Let k(o) = 26*o**2 - 183*o + 17. What is k(7)?
10
Let u(n) = -2*n**2 - 20*n - 32. What is u(-10)?
-32
Let w(h) = -h**3 - 5*h**2 - 3*h - 1. Calculate w(-5).
14
Let p(k) = -2*k**2 + 57*k - 8. Calculate p(27).
73
Let r(b) = -b**3 + 8*b**2 - 9*b - 2. Give r(4).
26
Let z(t) = t**2 + 7*t - 19. Give z(-11).
25
Let u(l) = -8*l**2 - 5*l - 4. Calculate u(-1).
-7
Let a(d) = -6*d - 10. What is a(-11)?
56
Let a(z) = -z**2 + 6*z - 2. Give a(-5).
-57
Let u(j) = j**3 - 7*j**2 + 2*j. Give u(6).
-24
Let a(t) = -15*t - 40. Determine a(-2).
-10
Let n(u) = -u**2 - 33*u + 34. What is n(-34)?
0
Let n(j) = -j**2 + 26*j + 100. Give n(29).
13
Let d(m) = m**2 + m + 10. Calculate d(0).
10
Let s(m) = 3*m**2 - 28*m + 78. Determine s(3).
21
Let f(k) = -k**3 - 5*k**2 - 2*k + 4. Calculate f(-4).
-4
Let c(z) = -z - 6. What is c(6)?
-12
Let j(p) = -p - 39. Determine j(0).
-39
Let h(g) = -g**3 - 25*g**2 + 50*g - 102. Calculate h(-27).
6
Let y(x) = x**3 - 10*x**2 + 1. Calculate y(10).
1
Let s(x) = -x**3 - 10*x**2 - 11*x + 6. Calculate s(-9).
24
Let k(b) = 18*b**2 + 232*b - 25. Calculate k(-13).
1
Let k(i) = -i**3 + 12*i**2 - 6*i - 19. Give k(10).
121
Let z(p) = p**2 + 7*p + 12. Give z(-5).
2
Let f(r) = 2*r - 32. Give f(12).
-8
Let i(x) = -x**3 - 7*x**2 - 2*x + 8. What is i(-7)?
22
Let m(j) = -j**3 - 5*j**2 + 2*j + 20. What is m(-5)?
10
Let d(h) = h + 12. Calculate d(2).
14
Let a(n) = 13*n - 99. What is a(7)?
-8
Let z(c) = c**3 + 54*c**2 - 110*c + 134. What is z(-56)?
22
Let o(r) = r + 2. What is o(-3)?
-1
Let m(g) = -10*g - 97. Give m(-9).
-7
Let z(t) = t**2 + 49. What is z(0)?
49
Let r(f) = f**3 + 4*f**2 - 5*f + 3. Give r(-5).
3
Let d(m) = m**3 - 5*m**2 - 7*m + 8. Calculate d(6).
2
Let m(u) = u**2 - 10*u + 12. Calculate m(8).
-4
Let n(z) = z**3 + 2*z**2 - z + 8. Determine n(0).
8
Let r(j) = j**3 + 26*j**2 + 49*j + 12. Determine r(-24).
-12
Let s(g) = g - 22. Give s(12).
-10
Let d(c) = -2*c + 22. Give d(8).
6
Let r(n) = -n**3 - 4*n**2 + 3*n - 2. What is r(-6)?
52
Let v(i) = -i**2 + 8*i + 18. Determine v(9).
9
Let d(w) = -w**2 + 3*w + 16. Give d(7).
-12
Let h(o) = -o**2 - 8*o + 3. What is h(-7)?
10
Let n(s) = s**3 - 6*s**2 + 5*s - 6. Determine n(5).
-6
Let g(v) = v**2 + 4*v + 3. Determine g(-10).
63
Let c(l) = l**3 - 17*l**2 + 17*l - 11. Determine c(16).
5
Let a(t) = t**3 + 2*t**2 + 11. Calculate a(0).
11
Let o(g) = -g**2 - g - 13. Give o(0).
-13
Let t(h) = 2*h**3 + 30*h**2 + h + 19. What is t(-15)?
4
Let s(k) = -k - 28. Calculate s(-8).
-20
Let l(n) = n**2 - 9*n + 12. Determine l(7).
-2
Let v(j) = 3*j - 6. Give v(-5).
-21
Let g(b) = -b**3 - 21*b**2 - 21*b - 25. Calculate g(-20).
-5
Let n(t) = 2*t**3 - 2*t**2 - t + 8. Calculate n(-3).
-61
Let m(t) = -t**3 - 3*t**2 + 2*t - 1. What is m(2)?
-17
Let o(h) = 2*h**2 + 9*h - 7. Determine o(-8).
49
Let w(h) = -h**3 + 22*h**2 + 22*h + 9. What is w(23)?
-14
Let x(o) = 46*o**2 - 1. Determine x(1).
45
Let u(d) = -d**3 + 6*d**2 + d + 8. What is u(7)?
-34
Let s(g) = g**3 - 18*g - 10. Calculate s(-4).
-2
Let k(x) = 2*x**2 - 3*x + 3. Determine k(3).
12
Let q(r) = -42*r + 570. Determine q(14).
-18
Let o(k) = -k**3 - 8*k**2 + 15. What is o(-8)?
15
Let l(s) = 3*s**3 + s**2 + 3*s + 1. Calculate l(2).
35
Let v(w) = w**3 + 5*w**2 - 2*w + 3. Calculate v(-4).
27
Let t(s) = 9*s + 60. Determine t(-9).
-21
Let n(b) = -b**3 - 10*b**2 - 9*b + 12. What is n(-9)?
12
Let f(s) = 3*s**2 + 18*s - 11. What is f(-7)?
10
Let d(l) = -3*l**2 + 2. Determine d(2).
-10
Let g(k) = 2*k**2 + 50*k - 15. Calculate g(-25).
-15
Let c(y) = -y - 8. Determine c(-8).
0
Let f(a) = a**3 + 11*a**2 - 15*a + 9. Determine f(-12).
45
Let n(s) = s + 2. Determine n(2).
4
Let z(c) = -c**3 - 3*c**2 + 2*c - 7. Determine z(-4).
1
Let y(c) = -15*c + 239. Calculate y(16).
-1
Let n(p) = -p**2 + 11*p - 42. Calculate n(5).
-12
Let t(r) = -5*r + 30. Give t(11).
-25
Let m(b) = -6*b - 38. Give m(-6).
-2
Let g(u) = 4*u**2 + 12*u. Determine g(-3).
0
Let w(q) = 5*q + 17. What is w(-4)?
-